 68869 is divided by 33?
31
What is the remainder when 3701 is divided by 740?
1
Calculate the remainder when 8983 is divided by 21.
16
What is the remainder when 2836 is divided by 298?
154
What is the remainder when 2886 is divided by 73?
39
What is the remainder when 10666 is divided by 5317?
32
Calculate the remainder when 2057 is divided by 65.
42
What is the remainder when 3141 is divided by 108?
9
What is the remainder when 293470 is divided by 92?
82
Calculate the remainder when 68920 is divided by 644.
12
Calculate the remainder when 1978 is divided by 632.
82
What is the remainder when 64760 is divided by 37?
10
What is the remainder when 57277 is divided by 16?
13
Calculate the remainder when 730 is divided by 3.
1
Calculate the remainder when 18929 is divided by 524.
65
What is the remainder when 1357 is divided by 134?
17
Calculate the remainder when 11806 is divided by 123.
121
Calculate the remainder when 5028 is divided by 84.
72
Calculate the remainder when 49784 is divided by 6220.
24
What is the remainder when 116 is divided by 116?
0
Calculate the remainder when 96685 is divided by 24161.
41
Calculate the remainder when 8401 is divided by 989.
489
What is the remainder when 2059 is divided by 490?
99
Calculate the remainder when 306638 is divided by 631.
603
What is the remainder when 7875 is divided by 37?
31
Calculate the remainder when 5261 is divided by 19.
17
Calculate the remainder when 41336 is divided by 213.
14
Calculate the remainder when 613141 is divided by 8.
5
Calculate the remainder when 14864 is divided by 530.
24
Calculate the remainder when 593452 is divided by 74.
46
Calculate the remainder when 6825 is divided by 435.
300
What is the remainder when 34996 is divided by 873?
76
Calculate the remainder when 180558 is divided by 40.
38
What is the remainder when 3076 is divided by 77?
73
Calculate the remainder when 154605 is divided by 154587.
18
What is the remainder when 2607 is divided by 855?
42
What is the remainder when 21742 is divided by 101?
27
What is the remainder when 3221 is divided by 97?
20
What is the remainder when 103089 is divided by 25766?
25
What is the remainder when 10967 is divided by 22?
11
What is the remainder when 6419 is divided by 633?
89
Calculate the remainder when 11245 is divided by 125.
120
What is the remainder when 28025 is divided by 53?
41
Calculate the remainder when 6318 is divided by 1809.
891
Calculate the remainder when 7100 is divided by 3.
2
What is the remainder when 830 is divided by 672?
158
What is the remainder when 92310 is divided by 7?
1
What is the remainder when 3190 is divided by 262?
46
What is the remainder when 10370 is divided by 501?
350
Calculate the remainder when 49571 is divided by 306.
305
Calculate the remainder when 9694 is divided by 1062.
136
Calculate the remainder when 14790 is divided by 7235.
320
Calculate the remainder when 2718 is divided by 169.
14
What is the remainder when 3226510 is divided by 898?
894
Calculate the remainder when 35479 is divided by 1477.
31
What is the remainder when 449682 is divided by 34?
32
What is the remainder when 511735 is divided by 1383?
25
What is the remainder when 149146 is divided by 27?
25
Calculate the remainder when 35520 is divided by 108.
96
Calculate the remainder when 48747 is divided by 1663.
520
What is the remainder when 1071 is divided by 101?
61
Calculate the remainder when 69151 is divided by 8.
7
Calculate the remainder when 1211281 is divided by 379.
376
What is the remainder when 13135 is divided by 85?
45
Calculate the remainder when 20553 is divided by 22.
5
Calculate the remainder when 9785 is divided by 3259.
8
Calculate the remainder when 409635 is divided by 220.
215
What is the remainder when 431 is divided by 231?
200
What is the remainder when 546 is divided by 196?
154
What is the remainder when 10097 is divided by 66?
65
Calculate the remainder when 1199139 is divided by 31.
28
Calculate the remainder when 11761 is divided by 3810.
331
Calculate the remainder when 10213 is divided by 859.
764
Calculate the remainder when 2723 is divided by 12.
11
What is the remainder when 27451 is divided by 117?
73
What is the remainder when 11763 is divided by 1066?
37
Calculate the remainder when 33688 is divided by 66.
28
Calculate the remainder when 16185 is divided by 2290.
155
Calculate the remainder when 62337 is divided by 20733.
138
What is the remainder when 337 is divided by 30?
7
Calculate the remainder when 94883 is divided by 59.
11
What is the remainder when 330838 is divided by 313?
310
What is the remainder when 195023 is divided by 7?
3
What is the remainder when 1491823 is divided by 574?
571
Calculate the remainder when 1951 is divided by 1.
0
Calculate the remainder when 24484 is divided by 108.
76
Calculate the remainder when 57509 is divided by 14250.
509
What is the remainder when 984 is divided by 311?
51
Calculate the remainder when 327813 is divided by 696.
693
Calculate the remainder when 2932 is divided by 1463.
6
What is the remainder when 4310 is divided by 4069?
241
Calculate the remainder when 156803 is divided by 26.
23
What is the remainder when 122318 is divided by 11?
9
What is the remainder when 167309 is divided by 286?
285
What is the remainder when 26759 is divided by 311?
13
What is the remainder when 41981 is divided by 8?
5
What is the remainder when 655 is divided by 254?
147
What is the remainder when 1200 is divided by 38?
22
Calculate the remainder when 91059 is divided by 157.
156
Calculate the remainder when 95440 is divided by 15872.
208
Calculate the remainder when 139586 is divided by 668.
642
What is the remainder when 2643 is divided by 6?
3
Calculate the remainder when 49512 is divided by 1181.
1091
Calculate the remainder when 3160 is divided by 666.
496
Calculate the remainder when 290779 is divided by 145383.
13
Calculate the remainder when 10124 is divided by 3129.
737
Calculate the remainder when 792867 is divided by 1235.
1232
Calculate the remainder when 10860 is divided by 10850.
10
What is the remainder when 43107 is divided by 21540?
27
Calculate the remainder when 82242 is divided by 4837.
13
What is the remainder when 10531 is divided by 175?
31
What is the remainder when 31319 is divided by 15640?
39
What is the remainder when 5159888 is divided by 11?
8
What is the remainder when 97605 is divided by 849?
819
Calculate the remainder when 216459 is divided by 97.
52
What is the remainder when 1068 is divided by 212?
8
What is the remainder when 2189 is divided by 617?
338
Calculate the remainder when 3750132 is divided by 233.
230
What is the remainder when 715 is divided by 128?
75
What is the remainder when 12210 is divided by 29?
1
What is the remainder when 70027 is divided by 70023?
4
Calculate the remainder when 5286 is divided by 2639.
8
What is the remainder when 882 is divided by 654?
228
Calculate the remainder when 65178 is divided by 452.
90
Calculate the remainder when 80065 is divided by 29.
25
What is the remainder when 874637 is divided by 145772?
5
What is the remainder when 34898 is divided by 105?
38
Calculate the remainder when 55499 is divided by 678.
581
Calculate the remainder when 14164 is divided by 38.
28
What is the remainder when 42876 is divided by 134?
130
Calculate the remainder when 89590 is divided by 5971.
25
What is the remainder when 18335 is divided by 8?
7
Calculate the remainder when 25771 is divided by 17.
16
What is the remainder when 1697 is divided by 66?
47
Calculate the remainder when 6157 is divided by 332.
181
Calculate the remainder when 53899 is divided by 5988.
7
Calculate the remainder when 79006 is divided by 51.
7
Calculate the remainder when 69606 is divided by 11600.
6
Calculate the remainder when 1598 is divided by 40.
38
What is the remainder when 139069 is divided by 9933?
7
What is the remainder when 87513 is divided by 29086?
255
What is the remainder when 18980 is divided by 7?
3
What is the remainder when 24945 is divided by 234?
141
Calculate the remainder when 263568 is divided by 131.
127
What is the remainder when 5107 is divided by 735?
697
Calculate the remainder when 84283 is divided by 629.
626
What is the remainder when 36881 is divided by 57